 multiple of 2740?
True
Is 13 a factor of 8294741?
True
Is 66 a factor of 828014946?
True
Does 479 divide 263224870?
True
Is 21 a factor of 125535954?
False
Is 1025155757 a multiple of 367?
False
Is 12 a factor of 325172586?
False
Is 102 a factor of 1238315667?
False
Is 176 a factor of 539748176?
True
Does 15 divide 23134493?
False
Does 66 divide 8397161?
False
Does 129 divide 1047289209?
True
Does 556 divide 45223372?
True
Is 19792072 a multiple of 19?
True
Is 48865200 a multiple of 200?
True
Is 52 a factor of 357656?
True
Is 78953420 a multiple of 455?
True
Does 23 divide 53705069?
True
Is 31859133 a multiple of 13?
False
Is 85022720 a multiple of 2048?
True
Does 13 divide 25859913?
False
Is 55 a factor of 7768886?
False
Is 263 a factor of 17291987?
True
Is 218426907 a multiple of 38?
False
Is 29947610 a multiple of 322?
True
Is 684472 a multiple of 134?
True
Does 7 divide 61191438?
True
Is 75 a factor of 1222180126?
False
Is 215925109 a multiple of 22?
False
Is 1969431573 a multiple of 339?
False
Is 13 a factor of 3342037088?
True
Does 17 divide 1344376?
False
Is 13 a factor of 18684874?
True
Is 10340936 a multiple of 5?
False
Does 1094 divide 21478179?
False
Is 3 a factor of 66029045?
False
Does 19 divide 310078309?
True
Is 114 a factor of 1674544991?
False
Does 89 divide 2742624?
True
Does 2 divide 82086451?
False
Is 31 a factor of 1569406?
True
Is 227991882 a multiple of 544?
False
Does 131 divide 437367858?
False
Does 41 divide 6907639?
True
Does 8101 divide 437838085?
False
Is 22053656 a multiple of 8?
True
Does 247 divide 297287224?
True
Does 166 divide 121711532?
True
Does 71 divide 121542674?
False
Is 34383831 a multiple of 789?
True
Does 8 divide 646406783?
False
Is 332 a factor of 52230572?
True
Is 13998924 a multiple of 17?
False
Does 45 divide 17552249?
False
Is 21 a factor of 629571978?
True
Is 8075813 a multiple of 9?
False
Is 841 a factor of 902393?
True
Is 5382112 a multiple of 632?
True
Does 10 divide 85778669?
False
Is 29 a factor of 3099672?
False
Is 703123114 a multiple of 51?
False
Does 96 divide 29234987?
False
Is 917 a factor of 156705213?
True
Is 24 a factor of 2524896?
True
Is 1519 a factor of 485051637?
True
Does 135 divide 8196323?
False
Is 104802670 a multiple of 41?
False
Is 6547 a factor of 406116957?
True
Does 21 divide 631229697?
True
Does 2533 divide 58517366?
True
Is 3 a factor of 786954?
True
Is 133364264 a multiple of 24?
False
Does 104 divide 76710991?
False
Is 764 a factor of 1187737438?
False
Is 2531 a factor of 53345887?
True
Is 575 a factor of 1937272175?
True
Does 8 divide 11482952?
True
Is 23306637 a multiple of 2263?
True
Is 34 a factor of 1431020404?
False
Is 31785800 a multiple of 2060?
True
Is 93 a factor of 53377443?
True
Does 730 divide 9374324?
False
Does 94 divide 272254091?
False
Is 62675220 a multiple of 102?
False
Is 101230160 a multiple of 113?
False
Is 429104595 a multiple of 1551?
False
Is 81 a factor of 30447415?
False
Is 70136429 a multiple of 6?
False
Does 139 divide 771282?
False
Does 572 divide 218605816?
True
Does 24 divide 1289730120?
True
Is 8 a factor of 29293016?
True
Does 348 divide 352950648?
True
Does 1787 divide 323086026?
True
Is 2 a factor of 1501979?
False
Is 1536197700 a multiple of 150?
True
Does 381 divide 2166391613?
False
Does 192 divide 953910144?
True
Is 79058740 a multiple of 113?
False
Is 573 a factor of 538713972?
True
Is 33838152 a multiple of 2078?
True
Does 1360 divide 56698400?
True
Is 138581988 a multiple of 70?
False
Does 40 divide 10290720?
True
Is 126721490 a multiple of 310?
True
Does 20 divide 1307826229?
False
Is 26 a factor of 196880008?
True
Is 146529201 a multiple of 2342?
False
Is 81 a factor of 36060675?
False
Is 49752321 a multiple of 945?
False
Is 20374713 a multiple of 1708?
False
Does 31 divide 2781177?
False
Is 165 a factor of 13892670?
True
Does 2474 divide 901375168?
False
Is 5 a factor of 26990903?
False
Does 332 divide 4385863?
False
Is 12 a factor of 251964577?
False
Is 244092126 a multiple of 65?
False
Is 108297147 a multiple of 21?
True
Does 545 divide 38709876?
False
Is 1309 a factor of 709855378?
False
Does 26 divide 13885921?
False
Is 165661262 a multiple of 4287?
False
Is 7014 a factor of 517866659?
False
Does 3 divide 114557337?
True
Does 25 divide 621087417?
False
Is 53336727 a multiple of 43?
True
Is 4 a factor of 8229041?
False
Is 6569209 a multiple of 205?
False
Is 36774928 a multiple of 196?
False
Is 1085 a factor of 36733764?
False
Does 369 divide 13581783?
True
Is 810 a factor of 2139982477?
False
Is 1143 a factor of 397986172?
False
Is 2542 a factor of 1691118882?
True
Is 220151508 a multiple of 886?
True
Does 4628 divide 122012592?
True
Is 20 a factor of 1317006751?
False
Is 18 a factor of 12687246?
True
Is 11523537 a multiple of 309?
True
Is 47 a factor of 236441266?
False
Does 29 divide 102991875?
False
Is 3 a factor of 21672365?
False
Is 490975464 even?
True
Is 132 a factor of 112395979?
False
Does 3053 divide 1292545557?
True
Does 44 divide 8906965?
False
Is 150 a factor of 270067050?
True
Is 27593082 a multiple of 738?
True
Is 5480 a factor of 666937920?
True
Is 101764380 a multiple of 190?
True
Does 214 divide 44192334?
False
Is 92 a factor of 30970880?
True
Is 11328364 a multiple of 148?
True
Does 1083 divide 82001511?
True
Is 59333580 a multiple of 540?
True
Is 214395455 a multiple of 6397?
True
Is 8 a factor of 31889768?
True
Is 1197669670 a multiple of 26?
False
Is 20 a factor of 64366440?
True
Does 277 divide 22942091?
False
Is 1131 a factor of 920932584?
True
Is 12 a factor of 7644942?
False
Is 878 a factor of 19462567?
False
Is 91 a factor of 9323948?
False
Does 875 divide 24558625?
True
Is 6 a factor of 45400626?
True
Is 1210 a factor of 145518230?
True
Is 20 a factor of 264372900?
True
Is 123 a factor of 9405677?
False
Is 116414463 a multiple of 187?
False
Is 9 a factor of 25587265?
False
Is 692132474 a multiple of 538?
False
Does 501 divide 212836628?
False
Does 139 divide 202145893?
True
Is 71477821 a multiple of 3272?
False
Does 70 divide 34322610?
True
Is 28900233 a multiple of 5?
False
Is 1544 a factor of 12148228?
False
Does 44 divide 12376056?
True
Is 83500918 a multiple of 6?
False
Is 185 a factor of 226397908?
False
Is 16265940 a multiple of 740?
True
Is 208777470 a multiple of 6?
True
Is 235344280 a multiple of 145?
True
Is 202072205 a multiple of 7?
False
Is 103 a factor of 42186946?
True
Does 770 divide 2608936126?
False
Is 20686526 a multiple of 17?
False
Is 1974 a factor of 1787221020?
False
Is 34 a factor of 1770526404?
True
Is 14171352 a multiple of 159?
True
Does 28 divide 1132588208?
False
Does 18 divide 1785831858?
True
Is 2004847604 a multiple of 3196?
True
Does 12 divide 1516537831?
False
Does 3118 divide 1070091364?
True
Is 141963783 a multiple of 39?
True
Does 6 divide 2155822026?
True
Does 14 divide 42629519?
False
Is 448 a factor of 30587347?
False
Is 1097 a factor of 31419177?
True
Is 339 a factor of 48630906?
True
Does 7 divide 3365749668?
False
Does 10 divide 328109?
False
Is 1388 a factor of 142341944?
False
Does 20 divide 384597703?
False
Does 102 divide 32368265?
False
Is 20 a factor of 535087825?
False
Is 6144216 a multiple of 13?
True
Is 540346248 a multiple of 27?
True
Is 31361250 a multiple of 19?
False
Does 11 divide 491402775?
False
Is 525 a factor of 121663998?
False
Is 1332 a factor of 52584696?
True
Does 305 divide 279047657?
False
Is 8 a factor of 195658379?
False
Is 6672 a factor of 389851632?
True
Is 5 a factor of 5321494?
False
Is 7198 a factor of 1024836844?
True
Is 11191 a factor of 3079427470?
True
Is 41 a factor of 196030676?
True
Is 64322560 a multiple of 21?
False
Is 473079989 even?
False
Does 381 divide 14830044?
True
Does 45 divide 851382?
False
Is 151 a factor of 75351491?
False
Is 72177905 a multiple of 17?
False
Is 85761031 a multiple of 3?
False
Does 344 divide 11976016?
True
Does 180 divide 13880958?
False
Does 1951 divide 143029761?
True
Is 199 a factor of 30591555?
False
Is 32040134 a multiple of 2?
True
Is 406 a factor of 13533439?
False
Is 86049204 a multiple of 12?
True
Is 65 a factor of 809361444?
False
Is 157180128 a multiple of 4647?
True
Is 76 a factor of 65971344?
True
Is 176 a factor of 313326640?
True
Does 1123 divide 357862019?
